228 a multiple of 53?
False
Is 2025 a multiple of 25?
True
Is 8130 a multiple of 10?
True
Is 275 a multiple of 54?
False
Is 36115 a multiple of 5?
True
Is 18 a factor of 46044?
True
Is 902 a multiple of 11?
True
Is 12348 a multiple of 4?
True
Is 62 a factor of 1178?
True
Is 24 a factor of 1728?
True
Is 10695 a multiple of 31?
True
Is 19 a factor of 23370?
True
Is 87 a factor of 609?
True
Is 2936 a multiple of 11?
False
Is 350 a multiple of 7?
True
Is 24 a factor of 4331?
False
Is 112718 a multiple of 425?
False
Is 32917 a multiple of 117?
False
Is 18596 a multiple of 42?
False
Does 52 divide 6136?
True
Is 9779 a multiple of 7?
True
Is 4896 a multiple of 34?
True
Is 72 a multiple of 24?
True
Is 20 a factor of 1300?
True
Does 13 divide 2958?
False
Does 281 divide 24302?
False
Does 2 divide 76?
True
Does 183 divide 14640?
True
Does 18 divide 10330?
False
Does 7 divide 130?
False
Does 13 divide 144?
False
Is 14 a factor of 13874?
True
Is 915 a multiple of 61?
True
Is 62599 a multiple of 22?
False
Does 6 divide 134?
False
Is 169 a factor of 14534?
True
Does 8 divide 107975?
False
Does 24 divide 2376?
True
Is 22124 a multiple of 11?
False
Does 14 divide 2268?
True
Is 1144 a multiple of 4?
True
Is 18450 a multiple of 18?
True
Is 46 a factor of 39836?
True
Is 22 a factor of 15708?
True
Is 499 a multiple of 6?
False
Is 26108 a multiple of 61?
True
Does 9 divide 17?
False
Is 13 a factor of 195?
True
Is 79 a factor of 1304?
False
Is 76 a multiple of 4?
True
Is 12375 a multiple of 75?
True
Does 29 divide 253?
False
Is 53 a factor of 52417?
True
Does 15 divide 525?
True
Does 10 divide 280?
True
Does 38 divide 38912?
True
Does 173 divide 10726?
True
Does 4 divide 1484?
True
Is 28 even?
True
Does 10 divide 23770?
True
Does 8 divide 712?
True
Is 11863 a multiple of 217?
False
Does 9 divide 4219?
False
Is 13 a factor of 945?
False
Is 1365 a multiple of 39?
True
Is 23529 a multiple of 33?
True
Is 18216 a multiple of 184?
True
Is 224 a factor of 4032?
True
Does 122 divide 11224?
True
Does 17 divide 69209?
False
Is 544 a multiple of 4?
True
Is 10 a factor of 118?
False
Is 540 a multiple of 36?
True
Is 2310 a multiple of 77?
True
Is 13 a factor of 50154?
True
Does 15 divide 285?
True
Does 16 divide 8304?
True
Is 17 a factor of 35785?
True
Is 46295 a multiple of 7?
False
Is 2431 a multiple of 72?
False
Is 84728 a multiple of 263?
False
Is 11 a factor of 165?
True
Is 271 a factor of 74838?
False
Is 34427 a multiple of 173?
True
Is 6061 a multiple of 5?
False
Is 9 a factor of 49?
False
Is 18 a factor of 743?
False
Is 6 a factor of 1146?
True
Is 750 a multiple of 10?
True
Does 54 divide 1324?
False
Is 40930 a multiple of 132?
False
Is 15 a factor of 720?
True
Is 3 a factor of 19622?
False
Does 19 divide 6232?
True
Is 17 a factor of 697?
True
Is 25557 a multiple of 150?
False
Does 371 divide 51217?
False
Is 7476 a multiple of 84?
True
Is 103 a factor of 55105?
True
Does 20 divide 11750?
False
Does 4 divide 337?
False
Is 13 a factor of 41379?
True
Does 27 divide 4816?
False
Does 13 divide 1357?
False
Does 53 divide 848?
True
Does 9 divide 60152?
False
Is 639 a multiple of 71?
True
Does 11 divide 8731?
False
Is 996 a multiple of 6?
True
Is 46 a factor of 37904?
True
Is 34 a factor of 148410?
True
Does 11 divide 1697?
False
Does 140 divide 3138?
False
Does 129 divide 72108?
False
Does 94 divide 24252?
True
Is 264 a factor of 168378?
False
Is 26 a factor of 5905?
False
Is 2 a factor of 2098?
True
Is 177 even?
False
Is 1920 a multiple of 30?
True
Does 16 divide 652?
False
Is 17 a factor of 2091?
True
Is 10 a factor of 1110?
True
Does 10 divide 7060?
True
Is 211 a multiple of 30?
False
Is 65 a factor of 2542?
False
Is 116 a factor of 8468?
True
Does 34 divide 918?
True
Does 53 divide 2754?
False
Does 148 divide 1924?
True
Is 28 a factor of 592?
False
Is 1457 a multiple of 10?
False
Is 3 a factor of 7695?
True
Is 256 a multiple of 6?
False
Is 469 a multiple of 6?
False
Does 20 divide 1940?
True
Is 10346 a multiple of 118?
False
Is 16 a factor of 303?
False
Does 13 divide 2426?
False
Is 9 a factor of 16956?
True
Is 37 a factor of 47952?
True
Is 17 a factor of 663?
True
Is 83 a factor of 1909?
True
Does 12 divide 642?
False
Is 12 a factor of 43080?
True
Is 46 a factor of 22540?
True
Does 48 divide 21504?
True
Does 17 divide 9673?
True
Is 2777 a multiple of 19?
False
Is 1621 a multiple of 19?
False
Does 169 divide 55717?
False
Is 16116 a multiple of 79?
True
Is 27 a factor of 482?
False
Does 15 divide 5847?
False
Is 546 a multiple of 6?
True
Is 4947 a multiple of 8?
False
Is 684 a multiple of 38?
True
Does 15 divide 1164?
False
Is 2379 a multiple of 53?
False
Is 6232 a multiple of 80?
False
Does 3 divide 395?
False
Is 38 a factor of 71354?
False
Does 73 divide 17866?
False
Does 8 divide 8130?
False
Does 18 divide 10068?
False
Is 1393 a multiple of 88?
False
Is 10 a factor of 137?
False
Is 57535 a multiple of 9?
False
Does 40 divide 240?
True
Is 17 a factor of 2584?
True
Is 22848 a multiple of 21?
True
Is 18 a factor of 149?
False
Is 93669 a multiple of 290?
False
Is 711 a multiple of 11?
False
Does 34 divide 3157?
False
Is 23 a factor of 284?
False
Is 10 a multiple of 10?
True
Is 60560 a multiple of 40?
True
Is 26 a factor of 1872?
True
Is 78 a factor of 3217?
False
Does 15 divide 18861?
False
Does 20 divide 4320?
True
Is 2340 a multiple of 26?
True
Is 15 a factor of 60209?
False
Is 46 a factor of 32706?
True
Is 128 a factor of 6988?
False
Is 986 a multiple of 34?
True
Is 8524 a multiple of 193?
False
Is 419 a multiple of 59?
False
Is 30 a factor of 330?
True
Is 6 a factor of 762?
True
Is 7630 a multiple of 35?
True
Does 18 divide 34722?
True
Is 2 a factor of 3324?
True
Is 1089 a multiple of 33?
True
Is 26 a factor of 9828?
True
Is 21058 a multiple of 17?
False
Is 22 a factor of 2958?
False
Does 3 divide 248?
False
Is 1584 a multiple of 22?
True
Is 3710 a multiple of 7?
True
Is 6661 a multiple of 15?
False
Is 131 a factor of 524?
True
Does 27 divide 37044?
True
Is 1320 a multiple of 15?
True
Is 34 a factor of 272?
True
Does 3 divide 224?
False
Does 63 divide 10098?
False
Is 14631 a multiple of 53?
False
Is 4 a factor of 3868?
True
Is 3 a factor of 997?
False
Is 1272 a multiple of 5?
False
Does 16 divide 128?
True
Is 51 a factor of 9708?
False
Is 1305 a multiple of 87?
True
Is 531 a multiple of 9?
True
Does 133 divide 79800?
True
Is 20500 a multiple of 50?
True
Is 10268 a multiple of 151?
True
Is 8 a factor of 1829?
False
Does 9 divide 11?
False
Is 14 a factor of 383?
False
Does 282 divide 45402?
True
Does 15 divide 771?
False
Is 8 a factor of 161?
False
Does 51 divide 3519?
True
Is 15 a factor of 45?
True
Is 6076 a multiple of 14?
True
Is 36 a factor of 3242?
False
Is 2129 a multiple of 48?
False
Is 2562 a multiple of 14?
True
Is 20284 a multiple of 22?
True
Is 32 a factor of 330?
False
Is 3838 a multiple of 67?
False
Is 38 a factor of 33149?
False
Does 8 divide 33824?
True
Does 3 divide 27?
True
Is 52 a factor of 246?
False
Does 17 divide 939?
False
Is 10106 a multiple of 62?
True
Is 16 a factor of 8763?
False
Does 14 divide 874?
False
Does 16 divide 549?
False
Is 68 a factor of 1184?
False
Does 32 divide 32992?
True
Is 738 a multiple of 82?
True
Is 55 a factor of 3182?
False
Is 11920 a multiple of 298?
True
Does 51 divide 1122?
True
Is 14 a factor of 1512?
True
Does 6 divide 2496?
True
Does 74 divide 53946?
True
Is 140 a factor of 7560?
True
Is 13 a factor of 1415?
False
Is 779 a multiple of 3?
False
Is 6148 even?
True
Is 71 a factor of 2846?
False
Does 18 divide 9252?
True
Is 5 a factor of 1166?
False
Does 4 divide 63?
False
Is 378 a multiple of 27?
True
Is 15383 a multiple of 34?
False
Is 909 a multiple of 14?
False
Is 10877 a multiple of 24?
False
Does 29 divide 3074?
True
Is 3719 a multiple of 51?
False
Is 45 a factor of 611?
False
Is 225 a factor of 24975?
True
Is 13 a factor of 1014?
True
Is 75 a multiple of 21?
False
Is 124 a factor of 29140?
True
Is 31128 a multiple of 24?
True
Does 14 divide 978?
False
Is 9918 a multiple of 18?
True
Does 18 divide 160?
False
Is 197 a factor of 10241?
False
Is 38 a factor of 3774?
False
Is 6 a factor of 114?
True
Is 92 a multiple of 2?
True
Does 15 divide 23295?
True
Is 28 a factor of 10248?
True
Is 1272 a multiple of 8?
True
Is 2